pose -53 = 3*d - f, -d + 4*f - 11 = 25. Let s = w + d. What are the prime factors of s?
3
Let m(x) = 2*x**2 + 16*x - 42. Suppose 0 = 2*i - 3*k + 17, 5*k = 4*i + k + 40. List the prime factors of m(i).
2, 11
Let y(c) = 5*c**2 - 8*c - 67. What are the prime factors of y(-9)?
2, 5, 41
What are the prime factors of -6 - (-63 - (4 - -3))?
2
Let t = 679 - 390. What are the prime factors of t?
17
Suppose 3*x - 300 = -x. Let b = x - 38. What are the prime factors of b?
37
Suppose 32334 = t + 16*t. What are the prime factors of t?
2, 3, 317
Let s(t) = -2*t**2 + 10*t + 10. Let i be s(6). What are the prime factors of (-9)/(-6) - 29/i?
2
Let k = -758 + 1404. What are the prime factors of k?
2, 17, 19
List the prime factors of (15/(-4))/(5/(-180)).
3, 5
Let r(j) = -j**3 - 26*j**2 - 13*j - 58. Let i be r(-26). List the prime factors of (i/(-10))/((-2)/4).
2, 7
Let r(d) = -8*d - 63. Let t be r(-14). Suppose t*k - 978 = 43*k. What are the prime factors of k?
163
Suppose -q - 3*g + 6*g = -16, -128 = -5*q + 3*g. List the prime factors of q.
2, 7
Suppose -3*z - 282 = 3*y - 6*y, 3*y + z = 266. Suppose 3*h - 121 - y = -q, -15 = 3*q. List the prime factors of h.
2, 3
Suppose -28*g + 8445 = -13*g. List the prime factors of g.
563
Suppose -4*q = -o - 427 + 1278, q - 1720 = -2*o. List the prime factors of o.
859
Suppose 7*a - 8*a - 2*u = -1496, a - 1498 = -3*u. Suppose 5*j - 2*s = a, -21 + 323 = j - 4*s. List the prime factors of j.
2, 149
Let k be -2 - -8 - (-2)/(-2). Suppose -k*y = 12 - 57. Let o(q) = -q**2 + 11*q + 6. What are the prime factors of o(y)?
2, 3
Suppose 2*o = 5*r + 7252, -4*o + r + 14532 = -2*r. What are the prime factors of o?
2, 3, 101
Let n(k) = 14*k**2 - 5*k + 5. List the prime factors of n(-8).
941
What are the prime factors of -2 + 4 - (4 + -321)?
11, 29
Suppose 5*h = g + 8*h + 6, -4*h = 2*g + 6. Suppose -g*c = -0*c - 2*x - 140, 0 = -3*c - 2*x + 148. What are the prime factors of c?
2, 3
Suppose -2*u + u + 2*o = -302, u - 281 = -5*o. What are the prime factors of u?
2, 37
Suppose 4*y - r + 3*r = -20, 10 = -2*y + r. Let j(z) = 6*z**2 + 5*z. Let o be j(y). Suppose -2*b = -7*b + o. List the prime factors of b.
5
List the prime factors of (9945/(-34) + 4/(-1))*-2.
593
Suppose 2*b + 6*i - 2*i = -528, -3*b - 776 = -2*i. List the prime factors of -10*2/(-4)*b/(-25).
2, 13
Suppose 2*c + 5*c - 14 = 0. Suppose l - 199 = -2*u, -2*l + 195 = c*u + 3*l. Let j = u - 51. List the prime factors of j.
7
Suppose 19*i + 2360 = 23*i. What are the prime factors of i/4 + (2 - (-20)/(-8))?
3, 7
What are the prime factors of (-306204)/(-60) - (2 + 48/(-30))?
3, 7
Let j(o) be the second derivative of -o**5/20 - o**4 - 8*o**3/3 + 13*o**2 - 19*o. What are the prime factors of j(-11)?
3
Suppose 15 = -8*i + 687. Let s = 144 - i. List the prime factors of s.
2, 3, 5
Suppose -l + 10*l - 1530 = 0. Let q = 270 - l. List the prime factors of q.
2, 5
Suppose p = -4*x - 1551, 3*x = -0*x + 3*p - 1182. Let h = x - -703. List the prime factors of h.
2, 157
Let d(r) = -r**3 - 5*r**2 + 5*r - 1. Let v be d(-6). Suppose 19 = -3*x + 4*x + 4*i, v*i + 37 = x. What are the prime factors of x?
3
What are the prime factors of (-3)/4*2*(-1244)/6?
311
List the prime factors of 2*-1 - (1131*20)/(-6).
2, 3, 157
Suppose -3211 = 20*z - 51891. What are the prime factors of z?
2, 1217
Let o(i) = i**3 + 20*i**2 + 23*i + 18. Let a(r) = 5*r**3 + 101*r**2 + 114*r + 90. Let s(f) = -2*a(f) + 11*o(f). List the prime factors of s(-16).
2, 5, 13
Let p(k) = 28*k + 99. List the prime factors of p(9).
3, 13
Let p = 16 - 13. Suppose 5*y = 5*b - 72 - 63, 0 = y - p. What are the prime factors of b?
2, 3, 5
Suppose -3*r - 8245 = -5*g - 8*r, 4*r - 1646 = -g. List the prime factors of g.
2, 3, 5, 11
Let w(h) = -5*h - 6. Let l be w(-2). What are the prime factors of (1 - 10)/((-138)/34 + l)?
3, 17
Let n = 441 + -425. List the prime factors of n.
2
Suppose 2*u - 3597 = 2181. List the prime factors of u.
3, 107
Suppose -p = 3*d + 2*p + 90, -2*d - p = 65. List the prime factors of 10/d + 2 + (-121)/(-7).
19
Let s(o) = -o**2 - 11*o + 11. Let a be s(-12). What are the prime factors of 2/((-8)/340)*a?
5, 17
List the prime factors of (92/4 - 1) + 7.
29
Let l = 106 - 81. Let f(k) = 4*k + 2. Let d be f(-3). Let n = l + d. What are the prime factors of n?
3, 5
Let y(i) = -i + 6. Let o be y(6). Suppose -20 - 16 = -h. Suppose o = 6*m - 9*m + h. List the prime factors of m.
2, 3
Let h(f) = f**3 - 48*f**2 + f - 78. Let x be h(48). Suppose -y + 14 + 26 = -c, y - 49 = 4*c. Let o = x + y. What are the prime factors of o?
7
Let m be (12/10)/(18/30). Let d(c) = 7*c**2 - c + 3. What are the prime factors of d(m)?
29
Suppose -3*c - 3*w = -12, c + 2*w = 3*w. Suppose -5*t + c*p = -80, 2*t - t = -p + 16. List the prime factors of t.
2
Suppose 19110 = -15*v + 28*v. List the prime factors of v.
2, 3, 5, 7
Suppose 0 = 4*z - 0*z - 24. Let u(l) = 3 - 2*l**2 - l - 5 + 3*l**2 + 0*l**2. List the prime factors of u(z).
2, 7
Let l(o) = 8*o**2 + 2*o - 3. Let t be l(-3). Suppose f - 3*v = v + t, 0 = 3*v + 6. List the prime factors of f.
5, 11
Let l(t) be the second derivative of -t**3/6 + 16*t**2 - 8*t. What are the prime factors of l(0)?
2
Let m = -30 + 27. What are the prime factors of ((-4)/(-10))/(m/(-105))?
2, 7
Let c(l) = -l**3 + 9*l**2 - 8*l + 5. Suppose 0 = -5*y - v + 34, 2*y + 3*y - v - 36 = 0. What are the prime factors of c(y)?
47
Suppose 0 = -4*v + 1268 - 152. List the prime factors of v.
3, 31
Let h be 134/10 + (-6)/15. Let a = 17 - h. What are the prime factors of (-9 - -5)/((-2)/a)?
2
Suppose -q = 4*x - 67 - 33, -3*q + 108 = 4*x. Let v = x + -17. Suppose 0*i = i - v. List the prime factors of i.
7
Let u be 675/(-4) + (-10)/40. List the prime factors of 6/12 - u/2.
5, 17
Let k(d) = 159*d - 55. What are the prime factors of k(6)?
29, 31
Let c be 3 - 3*(-2)/3. Suppose 24 - 129 = -c*y. List the prime factors of y.
3, 7
Suppose 0*i = -4*k + i + 5, -7 = -2*k - i. Suppose -5*s + 87 = 2*g - 4*s, 72 = 2*g + 4*s. Suppose 0*w - g = -k*w. List the prime factors of w.
23
Suppose 2*n - 10 = -3*n. Suppose -9*p + n*p = -770. What are the prime factors of p?
2, 5, 11
Suppose 2*b + 0*b - 224 = 2*v, 3*b = 4*v + 341. Suppose b + 8 = 5*w. What are the prime factors of w?
23
Suppose -3*y - 2*y = f + 79, -33 = 2*y - f. Let n = y + 28. List the prime factors of 0 + 4 + -3 + n.
13
Suppose -65 = -3*w + x, -4*w = 3*x - 53 - 38. Let g = w - -56. Suppose g = -0*y + 2*y. List the prime factors of y.
3, 13
Suppose 3*v + 14 = -2*z, -3*v + 2*z + 13 - 35 = 0. What are the prime factors of v/(-15) + 7/((-175)/(-3940))?
2, 79
Let m = 290 - 152. Let a be m + -11 - (0 + 0). Suppose 4*x = 4*l - 100, 0*l - 5*x = 4*l - a. What are the prime factors of l?
2, 7
Let s(j) = -j**2 + j + 5. Let v be s(0). Suppose -2*l - f = -15, -v*f - 60 = -5*l - 0*l. What are the prime factors of 26*(-3 + l/2)?
3, 13
Suppose -270 + 807 = 5*l - 4*c, 2*c = -2*l + 222. Suppose 0 = -j - 293 - l. List the prime factors of j/(-33) - 12/66.
2, 3
Suppose -w = 6 - 9. Suppose 5*o - 4*c - 27 = 0, w*o = -0*o - 4*c + 29. Suppose o*y - 12 = -t + 2*y, -3*t + 136 = -5*y. What are the prime factors of t?
37
Suppose -5*i + 20 = 0, -i = -4*v + 9021 - 1777. List the prime factors of v.
2, 3, 151
Suppose 10 = 3*c + 4*d, 15 - 5 = -2*d. Suppose 32*r - 47*r - 225 = 0. What are the prime factors of (62/(-3))/(c/r)?
31
Let f = 1441 + -332. What are the prime factors of f?
1109
Let c(p) = p**2 + 3*p - 2. Let n be -4*1 + 0/2. Let q be c(n). List the prime factors of ((-9)/(-6))/(q/32).
2, 3
What are the prime factors of ((-12)/(-10))/((-66996)/(-3720) - 18)?
2, 31
Suppose -5*c = -5*v - 10, c - 5 = 3*v - 5*v. Let y(d) = d**2 - 4*d. Let n be y(4). Suppose c*m + n*m - 72 = 0. What are the prime factors of m?
2, 3
What are the prime factors of (-49)/((-9)/(-1764)*-4)?
7
Let w(l) = -l**3 - 15*l**2 + 33*l - 17. Let q be w(-17). Suppose q = -11*u + 1123 + 1825. What are the prime factors of u?
2, 67
Let m(t) = t + 12. Let q be m(-12). Suppose 0*i - i + 20 = q. List the prime factors of 3/(-2) - (-490)/i.
23
Suppose 3*n - 4*n + 606 = -4*g, 0 = -n - g + 606. What are the prime factors of n?
2, 3, 101
Let u(r) = r**3 + 10*r**2 + 7*r - 17. Let t(j) = j**3 + 5*j**2 + 4*j - 9. Let k(s) = 5*t(s) - 3*u(s). What are the prime factors of k(4